le of 79?
True
Does 288 divide 186161531?
False
Is 32 a factor of 17844871?
False
Is 35 a factor of 71962361?
False
Is 357 a factor of 263412074?
False
Is 360 a factor of 238620960?
True
Does 2336 divide 3360473824?
True
Does 13 divide 2699841600?
False
Is 7 a factor of 13422907?
False
Does 42 divide 5269589724?
True
Does 972 divide 48279912?
False
Is 10 a factor of 2461924479?
False
Is 12 a factor of 377825952?
True
Does 246 divide 996059904?
True
Is 171667033 a multiple of 95?
False
Is 11663136 a multiple of 32?
True
Is 130 a factor of 56125810?
True
Does 13 divide 196800760?
True
Is 543 a multiple of 198?
False
Does 35 divide 47556719?
False
Does 176 divide 90906464?
True
Is 77185848 a multiple of 12?
True
Does 26 divide 31265467?
False
Does 75 divide 23506575?
True
Is 309 a factor of 2302340151?
True
Is 217950900 a multiple of 114?
True
Is 23 a factor of 8216658?
True
Does 2 divide 200482717?
False
Is 165 a factor of 254992320?
True
Is 371403140 a multiple of 20?
True
Is 11539275 a multiple of 355?
True
Does 118 divide 32150280?
True
Is 4223726672 a multiple of 5968?
True
Does 44 divide 25579052?
False
Is 368 a factor of 390657138?
False
Is 410424 a multiple of 21?
True
Is 293768364 a multiple of 8623?
True
Is 3768929731 a multiple of 7626?
False
Does 3207 divide 1297067943?
True
Is 2139348197 a multiple of 23?
True
Is 79905348 a multiple of 444?
True
Does 25 divide 2790350?
True
Is 13 a factor of 19817720?
True
Is 1053951335 a multiple of 355?
True
Is 267007413 a multiple of 26?
False
Is 871829937 a multiple of 1572?
False
Is 22060421 a multiple of 269?
True
Is 1137680560 a multiple of 2384?
True
Is 171310329 a multiple of 541?
False
Does 87 divide 6471695?
False
Is 23820269 a multiple of 134?
False
Is 994 a factor of 7659764?
True
Does 5 divide 8111385?
True
Does 17 divide 170506889?
True
Is 1834457367 a multiple of 98?
False
Does 1828 divide 541819200?
True
Does 127 divide 198157797?
False
Is 12801565 a multiple of 7?
True
Is 363938 a multiple of 417?
False
Does 21 divide 23321317?
False
Is 1062 a factor of 28309734?
True
Does 1845 divide 144050220?
True
Is 18841602 a multiple of 39?
True
Does 146 divide 23545367?
False
Is 1353 a factor of 182473698?
True
Does 188 divide 6199452?
False
Is 402211425 a multiple of 5?
True
Is 860595180 a multiple of 7620?
True
Does 11 divide 4065204?
True
Is 5077001896 a multiple of 274?
True
Is 281 a factor of 62075148?
True
Does 123 divide 34075428?
True
Does 19 divide 22992716?
False
Is 84 a factor of 14052024?
True
Is 688380 a multiple of 149?
True
Is 27321252 a multiple of 123?
True
Is 72 a factor of 68057822?
False
Does 223 divide 29722332?
True
Is 22 a factor of 549901336?
False
Is 96476030 a multiple of 40?
False
Does 675 divide 127475252?
False
Is 11083230 a multiple of 90?
True
Is 22 a factor of 45687862?
True
Is 53 a factor of 113477664?
True
Is 247 a factor of 43334915?
True
Does 24 divide 345356112?
True
Does 43 divide 277736483?
False
Is 13178310 a multiple of 213?
True
Is 38 a factor of 13814021?
False
Is 494667700 a multiple of 1010?
True
Is 4186867 a multiple of 67?
False
Is 116 a factor of 535286989?
False
Is 1778484240 a multiple of 221?
True
Is 265 a factor of 14430310?
True
Is 387 a factor of 1906055?
False
Is 3827 a factor of 30547610?
False
Is 7 a factor of 172719984?
False
Is 269 a factor of 18309220?
False
Is 331429351 a multiple of 17?
False
Does 973 divide 70240875?
False
Is 122265445 a multiple of 85?
True
Is 165594982 a multiple of 287?
True
Is 266 a factor of 849994488?
True
Is 171637162 a multiple of 25?
False
Does 286 divide 951103?
False
Is 5210 a factor of 401024120?
True
Is 239233591 a multiple of 16?
False
Is 802 a factor of 179449736?
False
Does 16 divide 2399361664?
True
Does 1522 divide 38666410?
True
Is 2553251292 a multiple of 12074?
False
Is 20 a factor of 1582686160?
True
Does 7 divide 959800993?
False
Is 3169170290 a multiple of 1430?
True
Is 120089510 a multiple of 932?
False
Does 117 divide 17763324?
False
Is 542 a factor of 3061066790?
False
Is 13862401 a multiple of 51?
False
Is 93950935 a multiple of 13?
True
Is 984 a factor of 18187605?
False
Is 106822040 a multiple of 13?
True
Does 20 divide 32954327?
False
Is 2102 a factor of 301186228?
False
Is 198 a factor of 157247244?
True
Is 376344432 a multiple of 9?
True
Is 11098846 a multiple of 69?
False
Is 561 a factor of 1019322026?
False
Is 301 a factor of 548090005?
False
Is 27129340 a multiple of 19?
True
Is 817 a factor of 39497048?
True
Is 7030253029 a multiple of 13?
False
Does 1299 divide 219480339?
True
Does 38 divide 120804398?
False
Does 162 divide 33172913?
False
Is 4050 a factor of 2657936414?
False
Does 3481 divide 476263396?
False
Does 694 divide 523242739?
False
Is 172 a factor of 125420852?
True
Is 20 a factor of 1141424000?
True
Does 1494 divide 1249949410?
False
Is 2927935523 a multiple of 1891?
True
Is 14 a factor of 86709142?
False
Is 685016477 a multiple of 702?
False
Does 15 divide 2024187465?
True
Does 519 divide 1005982751?
False
Does 175 divide 3491670?
False
Does 81 divide 321472877?
False
Is 449460907 a multiple of 55?
False
Does 14 divide 2845030564?
False
Does 134 divide 634758?
True
Is 8 a factor of 449624256?
True
Is 68 a factor of 207674769?
False
Is 207 a factor of 70993755?
True
Is 107 a factor of 28129872?
True
Is 1756 a factor of 974580?
True
Is 33997112 a multiple of 98?
False
Is 66029894 a multiple of 1568?
False
Is 239002143 a multiple of 265?
False
Is 24 a factor of 451307280?
True
Does 2729 divide 1258265488?
True
Does 1407 divide 409657899?
True
Is 35 a factor of 239079168?
False
Is 2343 a factor of 214361070?
True
Is 186 a factor of 36794087?
False
Does 154 divide 1164098628?
True
Is 21 a factor of 1025434527?
False
Is 9111954 a multiple of 6?
True
Is 3107353 even?
False
Is 1664338303 a multiple of 328?
False
Is 392760664 a multiple of 15?
False
Does 25 divide 189731520?
False
Does 179 divide 128578321?
False
Is 53435981 a multiple of 508?
False
Is 437889838 a multiple of 2503?
True
Is 23 a factor of 391777262?
True
Is 1505 a factor of 661484293?
False
Is 1484 a factor of 114944569?
False
Does 1725 divide 50585315?
False
Is 12206601 a multiple of 99?
True
Is 159385485 a multiple of 3207?
False
Does 449 divide 27067550?
False
Does 23 divide 567372050?
True
Is 27 a factor of 7275177?
True
Does 54 divide 1767264804?
True
Is 13 a factor of 210503189?
True
Is 3023233 a multiple of 10?
False
Is 808973008 a multiple of 3868?
False
Is 22957361 a multiple of 17?
True
Is 691500975 a multiple of 7601?
True
Does 1286 divide 229121915?
False
Is 21220189 a multiple of 872?
False
Does 29 divide 45299221?
False
Is 109 a factor of 855063998?
False
Is 110 a factor of 59866702?
False
Is 10 a factor of 294679350?
True
Is 42 a factor of 26993400?
True
Does 233 divide 27810414?
True
Is 509114937 a multiple of 4009?
True
Is 241535366 a multiple of 28?
False
Does 4989 divide 134149221?
True
Is 212427187 a multiple of 679?
True
Is 4368 a factor of 4454538877?
False
Is 107977526 a multiple of 62?
True
Is 24537392 a multiple of 748?
True
Is 620191741 a multiple of 13?
True
Is 723122998 a multiple of 26?
True
Does 289 divide 482832860?
False
Is 755 a factor of 218493980?
True
Is 1360 a factor of 11689200?
True
Does 54 divide 80084160?
True
Is 1114511990 a multiple of 135?
False
Is 966086112 a multiple of 12?
True
Is 1049597374 a multiple of 59?
True
Does 2248 divide 35333001?
False
Is 400 a factor of 85103200?
True
Is 10766996 a multiple of 41?
False
Is 9 a factor of 162024066?
True
Is 19 a factor of 631970132?
False
Is 1325382438 a multiple of 6?
True
Is 220 a factor of 5082440?
True
Is 12 a factor of 6725321?
False
Is 84 a factor of 596586396?
True
Is 386 a factor of 5766988610?
True
Does 573 divide 224869956?
False
Is 134 a factor of 510406?
True
Is 80 a factor of 80698152?
False
Is 12 a factor of 817571306?
False
Is 521054777 a multiple of 59?
False
Is 164891304 a multiple of 2796?
True
Is 196092694 a multiple of 14?
True
Does 7 divide 453436186?
True
Does 31 divide 3515767570?
False
Does 318 divide 115520178?
True
Is 15 a factor of 30098625?
True
Is 11916520 a multiple of 2920?
True
Is 1093 a factor of 106492083?
True
Does 7 divide 209519611?
True
Is 21489558 a multiple of 41?
False
Doe